{"id":444,"date":"2021-04-18T13:27:33","date_gmt":"2021-04-18T11:27:33","guid":{"rendered":"https:\/\/www.fsggudensberg.de\/?page_id=444"},"modified":"2022-04-22T09:29:32","modified_gmt":"2022-04-22T07:29:32","slug":"jugenshistorie","status":"publish","type":"page","link":"https:\/\/www.fsggudensberg.de\/startseite\/jugenshistorie\/","title":{"rendered":"Jugendhistorie"},"content":{"rendered":"<section class=\"l-section wpb_row height_medium\"><div class=\"l-section-h i-cf\"><div class=\"g-cols vc_row via_flex valign_top type_default stacking_default\"><div class=\"vc_col-sm-12 wpb_column vc_column_container\"><div class=\"vc_column-inner\"><div class=\"wpb_wrapper\"><div class=\"w-slider style_none fit_scaledown nav_none count_8\"><div class=\"w-slider-h\" aria-hidden=\"true\"><div class=\"royalSlider\"><div class=\"rsContent\"><a class=\"rsImg\" data-rsw=\"2560\" data-rsh=\"197\" href=\"https:\/\/www.fsggudensberg.de\/wp-content\/uploads\/2021\/04\/Neu_Kat_1-Sponsoren_2-scaled.jpg\"><span data-alt=\"\"><\/span><\/a><\/div><div class=\"rsContent\"><a class=\"rsImg\" data-rsw=\"2560\" data-rsh=\"198\" href=\"https:\/\/www.fsggudensberg.de\/wp-content\/uploads\/2021\/04\/Neu_Kat_2-Sponsoren_2-scaled.jpg\"><span data-alt=\"\"><\/span><\/a><\/div><div class=\"rsContent\"><a class=\"rsImg\" data-rsw=\"2294\" data-rsh=\"177\" href=\"https:\/\/www.fsggudensberg.de\/wp-content\/uploads\/2021\/04\/Neu_Kat_3.1-Sponsoren.jpg\"><span data-alt=\"\"><\/span><\/a><\/div><div class=\"rsContent\"><a class=\"rsImg\" data-rsw=\"2560\" data-rsh=\"197\" href=\"https:\/\/www.fsggudensberg.de\/wp-content\/uploads\/2021\/04\/Neu_Kat_1-Sponsoren_3-scaled.jpg\"><span data-alt=\"\"><\/span><\/a><\/div><div class=\"rsContent\"><a class=\"rsImg\" data-rsw=\"2560\" data-rsh=\"198\" href=\"https:\/\/www.fsggudensberg.de\/wp-content\/uploads\/2021\/04\/Neu_Kat_3.2-Sponsoren-scaled.jpg\"><span data-alt=\"\"><\/span><\/a><\/div><div class=\"rsContent\"><a class=\"rsImg\" data-rsw=\"2560\" data-rsh=\"198\" href=\"https:\/\/www.fsggudensberg.de\/wp-content\/uploads\/2021\/04\/Neu_Kat_2-Sponsoren-scaled.jpg\"><span data-alt=\"\"><\/span><\/a><\/div><div class=\"rsContent\"><a class=\"rsImg\" data-rsw=\"2560\" data-rsh=\"197\" href=\"https:\/\/www.fsggudensberg.de\/wp-content\/uploads\/2021\/04\/Neu_Kat_1-Sponsoren-scaled.jpg\"><span data-alt=\"\"><\/span><\/a><\/div><div class=\"rsContent\"><a class=\"rsImg\" data-rsw=\"2560\" data-rsh=\"197\" href=\"https:\/\/www.fsggudensberg.de\/wp-content\/uploads\/2021\/04\/Neu_Kat_4-Sponsoren-scaled.jpg\"><span data-alt=\"\"><\/span><\/a><\/div><\/div><img decoding=\"async\" src=\"https:\/\/www.fsggudensberg.de\/wp-content\/uploads\/2021\/04\/Neu_Kat_1-Sponsoren_2-scaled.jpg\" width=\"2560\" height=\"197\" alt loading=\"lazy\"><\/div><div class=\"w-slider-json\" onclick='return {&quot;autoScaleSlider&quot;:true,&quot;addActiveClass&quot;:true,&quot;loop&quot;:true,&quot;fadeInLoadedSlide&quot;:false,&quot;slidesSpacing&quot;:0,&quot;imageScalePadding&quot;:0,&quot;numImagesToPreload&quot;:2,&quot;arrowsNav&quot;:false,&quot;arrowsNavAutoHide&quot;:false,&quot;transitionType&quot;:&quot;move&quot;,&quot;transitionSpeed&quot;:250,&quot;block&quot;:{&quot;moveEffect&quot;:&quot;none&quot;,&quot;speed&quot;:300},&quot;thumbs&quot;:{&quot;fitInViewport&quot;:false,&quot;firstMargin&quot;:false,&quot;spacing&quot;:4},&quot;controlNavigation&quot;:&quot;none&quot;,&quot;autoplay&quot;:{&quot;enabled&quot;:true,&quot;pauseOnHover&quot;:false,&quot;delay&quot;:4000},&quot;autoScaleSliderWidth&quot;:2560,&quot;autoScaleSliderHeight&quot;:197}'><\/div><\/div><\/div><\/div><\/div><\/div><\/div><\/section><section class=\"l-section wpb_row height_medium\"><div class=\"l-section-h i-cf\"><div class=\"g-cols vc_row via_flex valign_top type_default stacking_default\"><div class=\"vc_col-sm-12 wpb_column vc_column_container\"><div class=\"vc_column-inner\"><div class=\"wpb_wrapper\"><div class=\"wpb_text_column\"><div class=\"wpb_wrapper\"><h2>1989<\/h2>\n<p>b\u00fcndelten die vier Vereine TSV Eintracht Gudensberg, TSV Obervorsch\u00fctz,\u00a0TSV Maden und TSV Dissen ihre Jugendarbeit in der JSGGudensberg.<\/p>\n<\/div><\/div><\/div><\/div><\/div><\/div><\/div><\/section><section class=\"l-section wpb_row height_medium\"><div class=\"l-section-h i-cf\"><div class=\"g-cols vc_row via_flex valign_top type_default stacking_default\"><div class=\"vc_col-sm-12 wpb_column vc_column_container\"><div class=\"vc_column-inner\"><div class=\"wpb_wrapper\"><div class=\"wpb_text_column\"><div class=\"wpb_wrapper\"><h2>2005<\/h2>\n<p>die A-Jugend steigt in die Bezirksliga auf.<\/p>\n<\/div><\/div><\/div><\/div><\/div><\/div><\/div><\/section><section class=\"l-section wpb_row height_medium\"><div class=\"l-section-h i-cf\"><div class=\"g-cols vc_row via_flex valign_top type_default stacking_default\"><div class=\"vc_col-sm-12 wpb_column vc_column_container\"><div class=\"vc_column-inner\"><div class=\"wpb_wrapper\"><div class=\"wpb_text_column\"><div class=\"wpb_wrapper\"><h2>2006<\/h2>\n<p>um eine gemeinsame ldentifikation zu erlangen, wird die JSG Gudensberg in FSG Gudensberg umbenannt und tr\u00e4gt ab sofort einen gemeinsamen\u00a0Namen mit den Seniorenteams.<\/p>\n<\/div><\/div><\/div><\/div><\/div><\/div><\/div><\/section><section class=\"l-section wpb_row height_medium\"><div class=\"l-section-h i-cf\"><div class=\"g-cols vc_row via_flex valign_top type_default stacking_default\"><div class=\"vc_col-sm-12 wpb_column vc_column_container\"><div class=\"vc_column-inner\"><div class=\"wpb_wrapper\"><div class=\"wpb_text_column\"><div class=\"wpb_wrapper\"><h2>2007<\/h2>\n<p>die Michael Rummenigge Fu\u00dfballschule ist zu Gast in Gudensberg.<\/p>\n<\/div><\/div><\/div><\/div><\/div><\/div><\/div><\/section><section class=\"l-section wpb_row height_medium\"><div class=\"l-section-h i-cf\"><div class=\"g-cols vc_row via_flex valign_top type_default stacking_default\"><div class=\"vc_col-sm-12 wpb_column vc_column_container\"><div class=\"vc_column-inner\"><div class=\"wpb_wrapper\"><div class=\"wpb_text_column\"><div class=\"wpb_wrapper\"><h2>2008<\/h2>\n<p>die E-Jugendkicker sind Einlaufkinder beim Bundesligaspiel in der\u00a0Commerz-Bank Arena in Frankfurt.<\/p>\n<\/div><\/div><\/div><\/div><\/div><\/div><\/div><\/section><section class=\"l-section wpb_row height_medium\"><div class=\"l-section-h i-cf\"><div class=\"g-cols vc_row via_flex valign_top type_default stacking_default\"><div class=\"vc_col-sm-12 wpb_column vc_column_container\"><div class=\"vc_column-inner\"><div class=\"wpb_wrapper\"><div class=\"wpb_text_column\"><div class=\"wpb_wrapper\"><h2>2008<\/h2>\n<p>die E-Jugend tritt zum Freundschaftsspiel an der S\u00e4bener Stra\u00dfe in\u00a0M\u00fcnchen zum Freundschaftsspiel vs. FC Bayern M\u00fcnchen an.<\/p>\n<\/div><\/div><\/div><\/div><\/div><\/div><\/div><\/section><section class=\"l-section wpb_row height_medium\"><div class=\"l-section-h i-cf\"><div class=\"g-cols vc_row via_flex valign_top type_default stacking_default\"><div class=\"vc_col-sm-12 wpb_column vc_column_container\"><div class=\"vc_column-inner\"><div class=\"wpb_wrapper\"><div class=\"wpb_text_column\"><div class=\"wpb_wrapper\"><h2>2009<\/h2>\n<p>inoffizieller Weltrekord 22 Jugendspieler der FSG Gudensberg finden\u00a0Platz im neuen Toyota-iQ.<\/p>\n<\/div><\/div><\/div><\/div><\/div><\/div><\/div><\/section><section class=\"l-section wpb_row height_medium\"><div class=\"l-section-h i-cf\"><div class=\"g-cols vc_row via_flex valign_top type_default stacking_default\"><div class=\"vc_col-sm-12 wpb_column vc_column_container\"><div class=\"vc_column-inner\"><div class=\"wpb_wrapper\"><div class=\"wpb_text_column\"><div class=\"wpb_wrapper\"><h2>2009<\/h2>\n<p>wir feiern unser 20-j\u00e4hriges Jubil\u00e4um.<\/p>\n<\/div><\/div><\/div><\/div><\/div><\/div><\/div><\/section><section class=\"l-section wpb_row height_medium\"><div class=\"l-section-h i-cf\"><div class=\"g-cols vc_row via_flex valign_top type_default stacking_default\"><div class=\"vc_col-sm-12 wpb_column vc_column_container\"><div class=\"vc_column-inner\"><div class=\"wpb_wrapper\"><div class=\"wpb_text_column\"><div class=\"wpb_wrapper\"><h2>2010<\/h2>\n<p>die D-Jugend steigt in die Gruppenliga Kassel auf.<\/p>\n<\/div><\/div><\/div><\/div><\/div><\/div><\/div><\/section><section class=\"l-section wpb_row height_medium\"><div class=\"l-section-h i-cf\"><div class=\"g-cols vc_row via_flex valign_top type_default stacking_default\"><div class=\"vc_col-sm-12 wpb_column vc_column_container\"><div class=\"vc_column-inner\"><div class=\"wpb_wrapper\"><div class=\"wpb_text_column\"><div class=\"wpb_wrapper\"><h2>2010<\/h2>\n<p>die Jugendabteilung f\u00e4hrt mit 180 Personen zum Bundesligaspiel nach\u00a0Hannover, Dortmund siegt 4:0.<\/p>\n<\/div><\/div><\/div><\/div><\/div><\/div><\/div><\/section><section class=\"l-section wpb_row height_medium\"><div class=\"l-section-h i-cf\"><div class=\"g-cols vc_row via_flex valign_top type_default stacking_default\"><div class=\"vc_col-sm-12 wpb_column vc_column_container\"><div class=\"vc_column-inner\"><div class=\"wpb_wrapper\"><div class=\"wpb_text_column\"><div class=\"wpb_wrapper\"><h2>2011<\/h2>\n<p>D-Jugend wird World Cup Sieger bei den United World Games in\u00a0Klagenfurt.<\/p>\n<\/div><\/div><\/div><\/div><\/div><\/div><\/div><\/section><section class=\"l-section wpb_row height_medium\"><div class=\"l-section-h i-cf\"><div class=\"g-cols vc_row via_flex valign_top type_default stacking_default\"><div class=\"vc_col-sm-12 wpb_column vc_column_container\"><div class=\"vc_column-inner\"><div class=\"wpb_wrapper\"><div class=\"wpb_text_column\"><div class=\"wpb_wrapper\"><h2>2012<\/h2>\n<p>DFB Fu\u00dfballabzeichen mit 158 Teilnehmer gr\u00f6\u00dfte Veranstaltung im\u00a0Schwalm Eder Kreis.<\/p>\n<\/div><\/div><\/div><\/div><\/div><\/div><\/div><\/section><section class=\"l-section wpb_row height_medium\"><div class=\"l-section-h i-cf\"><div class=\"g-cols vc_row via_flex valign_top type_default stacking_default\"><div class=\"vc_col-sm-12 wpb_column vc_column_container\"><div class=\"vc_column-inner\"><div class=\"wpb_wrapper\"><div class=\"wpb_text_column\"><div class=\"wpb_wrapper\"><h2>2012<\/h2>\n<p>C-Jugend bestreitet ein Freundschaftsspiel beim Hamburger SV und kann\u00a0dieses 4:2 gewinnen.<\/p>\n<\/div><\/div><\/div><\/div><\/div><\/div><\/div><\/section><section class=\"l-section wpb_row height_medium\"><div class=\"l-section-h i-cf\"><div class=\"g-cols vc_row via_flex valign_top type_default stacking_default\"><div class=\"vc_col-sm-12 wpb_column vc_column_container\"><div class=\"vc_column-inner\"><div class=\"wpb_wrapper\"><div class=\"wpb_text_column\"><div class=\"wpb_wrapper\"><h2>2012<\/h2>\n<p>die B- &amp; A-Jugend steigen in die Gruppenliga Kassel auf.<\/p>\n<\/div><\/div><\/div><\/div><\/div><\/div><\/div><\/section><section class=\"l-section wpb_row height_medium\"><div class=\"l-section-h i-cf\"><div class=\"g-cols vc_row via_flex valign_top type_default stacking_default\"><div class=\"vc_col-sm-12 wpb_column vc_column_container\"><div class=\"vc_column-inner\"><div class=\"wpb_wrapper\"><div class=\"wpb_text_column\"><div class=\"wpb_wrapper\"><h2>2012<\/h2>\n<p>Extra-Training mit dem Weltmeister, die mobile Fu\u00dfballschule Uwe Bein ist\u00a0zu Gast bei der FSG Gudensberg.<\/p>\n<\/div><\/div><\/div><\/div><\/div><\/div><\/div><\/section><section class=\"l-section wpb_row height_medium\"><div class=\"l-section-h i-cf\"><div class=\"g-cols vc_row via_flex valign_top type_default stacking_default\"><div class=\"vc_col-sm-12 wpb_column vc_column_container\"><div class=\"vc_column-inner\"><div class=\"wpb_wrapper\"><div class=\"wpb_text_column\"><div class=\"wpb_wrapper\"><h2>2014<\/h2>\n<p>wir feiern unser 25 j\u00e4hriges Jubil\u00e4um.<\/p>\n<\/div><\/div><\/div><\/div><\/div><\/div><\/div><\/section><section class=\"l-section wpb_row height_medium\"><div class=\"l-section-h i-cf\"><div class=\"g-cols vc_row via_flex valign_top type_default stacking_default\"><div class=\"vc_col-sm-12 wpb_column vc_column_container\"><div class=\"vc_column-inner\"><div class=\"wpb_wrapper\"><div class=\"wpb_text_column\"><div class=\"wpb_wrapper\"><h2>2014<\/h2>\n<p>Hans Joachim Watzke begr\u00fc\u00dft die Jugendabteilung der FSG Gudensberg auf der Gesch\u00e4ftsstelle von Borussia Dortmund und l\u00e4dt alle zum Bundesligaspiel in den Signal lduna Park ein.<\/p>\n<\/div><\/div><\/div><\/div><\/div><\/div><\/div><\/section>\n","protected":false},"excerpt":{"rendered":"1989 b\u00fcndelten die vier Vereine TSV Eintracht Gudensberg, TSV Obervorsch\u00fctz,\u00a0TSV Maden und TSV Dissen ihre Jugendarbeit in der JSGGudensberg. 2005 die A-Jugend steigt in die Bezirksliga auf. 2006 um eine gemeinsame ldentifikation zu erlangen, wird die JSG Gudensberg in FSG Gudensberg umbenannt und tr\u00e4gt ab sofort einen gemeinsamen\u00a0Namen mit den Seniorenteams. 2007 die Michael Rummenigge...","protected":false},"author":2,"featured_media":0,"parent":0,"menu_order":0,"comment_status":"closed","ping_status":"closed","template":"","meta":{"_acf_changed":false,"footnotes":""},"class_list":["post-444","page","type-page","status-publish","hentry"],"acf":[],"_links":{"self":[{"href":"https:\/\/www.fsggudensberg.de\/startseite\/wp-json\/wp\/v2\/pages\/444","targetHints":{"allow":["GET"]}}],"collection":[{"href":"https:\/\/www.fsggudensberg.de\/startseite\/wp-json\/wp\/v2\/pages"}],"about":[{"href":"https:\/\/www.fsggudensberg.de\/startseite\/wp-json\/wp\/v2\/types\/page"}],"author":[{"embeddable":true,"href":"https:\/\/www.fsggudensberg.de\/startseite\/wp-json\/wp\/v2\/users\/2"}],"replies":[{"embeddable":true,"href":"https:\/\/www.fsggudensberg.de\/startseite\/wp-json\/wp\/v2\/comments?post=444"}],"version-history":[{"count":9,"href":"https:\/\/www.fsggudensberg.de\/startseite\/wp-json\/wp\/v2\/pages\/444\/revisions"}],"predecessor-version":[{"id":1343,"href":"https:\/\/www.fsggudensberg.de\/startseite\/wp-json\/wp\/v2\/pages\/444\/revisions\/1343"}],"wp:attachment":[{"href":"https:\/\/www.fsggudensberg.de\/startseite\/wp-json\/wp\/v2\/media?parent=444"}],"curies":[{"name":"wp","href":"https:\/\/api.w.org\/{rel}","templated":true}]}}